e first derivative of b**4/4 + b**3/3 - b**2/2 + 7*b + 1. Determine k(w).
7
Let s be -2*((-3)/3)/2. Let v(i) be the second derivative of -17*i**5/10 - i**4/6 + i**3/6 - 18*i + 131. Determine v(s).
-35
Let x(m) = -2*m**3 + 3*m**2 + 2*m + 8. Let o be x(0). Let h(g) = g**3 - 7*g**2 - 11*g - 2. Determine h(o).
-26
Let k be (72/(-30))/(66/(-55)). Let q(u) = 66 + 0*u - 67 + u. Give q(k).
1
Let b(g) = 5*g**2 + 8*g - 8. Suppose 749*c - 14 = 742*c. Give b(c).
28
Let f be (-2)/4*1*-10. Let a(k) be the first derivative of -1/3*k**3 + 3/2*k**2 - 24 + 5*k. Calculate a(f).
-5
Let h(k) = -k**2 + 5*k - 2. Suppose 5*o - 2 = 6*o, -3*f - 4 = -o. Let l be f/(-6) - 3620/(-30). Let w = l - 117. Determine h(w).
2
Suppose 21 = -h + 4*i, 32*h + 2*i = 36*h. Let w(k) = k**3 - k**2 + k - 16. What is w(h)?
5
Let a(z) = 11*z**3 + 15*z**2 - 42*z - 61. Let i(y) = -9*y**3 - 16*y**2 + 41*y + 60. Let f(d) = 5*a(d) + 6*i(d). Determine f(19).
17
Let k(h) = -373*h + 12313. Let f be k(33). Let x(u) = -3*u**2 + 11*u - 3. What is x(f)?
-7
Let t = 225 + -224. Let g(p) = 5*p**3 - 2*p**2 - p + 3. Let u(o) = -2*o**3 + o**2 + o - 2. Let b(x) = -3*g(x) - 5*u(x). Give b(t).
-5
Let z(r) be the first derivative of 2*r**3/3 - 8*r**2 + 2*r + 1550. Determine z(8).
2
Let f(w) be the second derivative of -w**5/20 - 23*w**4/12 + w**3/6 + 13*w**2/2 + 2905*w. What is f(-23)?
-10
Let x = -586 + 721. Let y be (-2 + -1)*(-10)/(-6). Let u be x/(-75) + 1/y. Let f(c) = c**2 + 2*c. Give f(u).
0
Let m(x) = -x**3 + 7*x**2 + x + 3. Let t(i) = 17*i - 60. Let r be t(5). Let j be (-6)/(r/(1225/(-42))). Determine m(j).
10
Suppose -5*r + 3 = -4*f, 2*f + 11 = 5*r + 12. Let a(o) = 16*o + 15. Give a(f).
-17
Suppose -113*k + 306 = -107*k. Suppose -k*n + 26*n = 25. Let q(g) = g - 5. Calculate q(n).
-6
Suppose -2*v - 45 = -7*v. Let a(o) = -60*o - 11. Let t(l) = 17*l + 4. Let h(y) = 4*a(y) + 14*t(y). Calculate h(v).
-6
Let v(x) = -5*x - 8 + 16*x**2 + 9*x**2 - 27*x**2 + 3 + 0. Determine v(-4).
-17
Let z(t) = 3*t**3 - t**2 - 2*t + 1. Let y = 16 + -11. Suppose -2*u + 5*x + 91 = 0, -x + 192 = 5*u + y. Let o = u + -36. Give z(o).
17
Let a(r) = -r - 4. Let k(d) = d**3 - 13*d**2 - 8*d + 6. Let x be k(14). Suppose -18 - x = 12*o. Determine a(o).
5
Let g(h) = -7*h - 4. Let q(i) = -20*i - 12. Let b(k) = -14*g(k) + 5*q(k). Let o be (-76)/(-18) - (-80)/(-360). Let y be ((-115)/20 - (0 - 5))*o. Determine b(y).
2
Suppose r = 4*h + 50 - 64, 3*r = 2*h - 12. Let v(f) = -22*f - 10. Give v(r).
34
Let z(j) = -j**2 - 18*j - 3. Suppose -10*k + 628 = 1345 - 537. Give z(k).
-3
Let c(s) = -s**2 + 26*s + 198. Suppose 0 = 5*a - 0*r - 3*r - 181, 6*a = 3*r + 213. Determine c(a).
6
Suppose -168*y - 36 = -172*y - 18*k, 0 = 3*y - 2*k - 58. Let o(x) = -13*x + 226. Determine o(y).
-8
Let u(h) = 122*h + 2184. Let j(l) = 61*l + 1125. Let x(i) = -9*j(i) + 5*u(i). What is x(-13)?
2
Let c(g) = -g**2 + 12*g - 22. Let f be 21*(1 + (-28)/49). Give c(f).
5
Suppose 148 - 232 = -4*q. Let c(s) = 34 + 11*s + s**2 - q - 18. What is c(-12)?
7
Let k(a) be the third derivative of -a**5/60 - a**4/24 + a**3/3 - 4*a**2. Suppose -3*w - w + 8 = 0. Suppose -5*i + 12 = -c, 4*c + 4 - w = -3*i. Calculate k(c).
0
Let i(b) = b**2 - 1. Let p(y) = -4*y**2 - 6*y + 9. Let s be 2 - ((-6)/8 + 18/(-8)). Let h(n) = s*i(n) + p(n). What is h(7)?
11
Let m be 2*(-1)/2 - (0 - 0). Let s(q) be the third derivative of -17*q**2 + 0*q - 1/6*q**3 + 1/6*q**4 + 0. What is s(m)?
-5
Let f(i) = -8 - 2 - 4152501*i - i**2 + 4152493*i. Suppose 0 = -5*j + 3*k - 12, -2*j - 2*k = -5 - 3. Suppose y + 7 = -j. Give f(y).
-3
Let c(d) = d**3 + 33*d**2 - 35*d - 29. Let u be c(-34). Let w(j) = -7*j - 6. Calculate w(u).
-41
Let k(l) be the third derivative of 1/120*l**6 + 12*l**2 - 1/10*l**5 - 3/8*l**4 + 0*l + 0 + 5/6*l**3. Let h = 546 - 539. Calculate k(h).
-9
Let z(v) = 6*v + 1260 - 1267 + 4*v. Give z(10).
93
Let u(y) be the second derivative of 3/2*y**2 + 102*y - 1/12*y**4 - 1/6*y**3 + 0 + 1/20*y**5. Calculate u(0).
3
Let g(t) = 5*t + 24. Let v be -6 + -2 - 321/107. Determine g(v).
-31
Let t(x) = -4*x**2 + x - 1. Let a(o) = -2*o**3 + 85*o**2 + 42*o + 38. Let u be a(43). Let i(n) = -n**2 - 32*n - 137. Let l be i(u). Give t(l).
-19
Let n = -253 - -305. Let v(w) = -91*w - 20 + 42*w + n*w. Determine v(10).
10
Let t = 3564 - 3568. Let o(g) be the first derivative of -g**4/4 - 2*g**3/3 + 2*g**2 + 5*g - 2. What is o(t)?
21
Let t(d) be the second derivative of d**4/6 - d**3 + 9*d**2/2 - 81*d + 6. Determine t(5).
29
Let l be (-66)/(-55)*15/2. Suppose 2*u - l = -k, -k + 3*u + 1 = 17. Let t be k*(3 - (-5)/5). Let q(d) = d**2 + 3*d + 5. Calculate q(t).
9
Suppose 2*p + 203 - 188 = -s, 5*s - 4*p = -19. Let o(u) = -u**2 - 9*u - 21. What is o(s)?
-7
Let b(h) = -9*h**2 - 4*h - 15. Let r(s) = -29*s**2 - 14*s - 60. Let o(q) = 13*b(q) - 4*r(q). Give o(11).
-32
Let d = -27 + 52. Suppose -5*p = -0 - d. Let t(c) = -8*c - 1. Let f(k) = -k. Let l(m) = p*f(m) - t(m). Calculate l(2).
7
Let w(j) = -7 + 1 + 2 + 21*j - 19*j + 1. Let v(l) = 2*l**2 + 15*l - 2. Let n be v(-7). Let f = -7 - n. Determine w(f).
1
Let x(m) be the third derivative of -m**6/120 + 3*m**5/20 + 5*m**4/6 + 25*m**3/6 + 733*m**2. Give x(11).
3
Suppose 36*h + 84 = 8*h. Let g(n) = -n**3 - 4*n**2 + 3*n + 20. Calculate g(h).
2
Let a be (-4)/5 + (-1702)/(-115). Let r be (-9)/(-21) + 92/a. Let y(o) be the first derivative of -o**4/4 + 8*o**3/3 - 4*o**2 - o + 1. Give y(r).
-8
Let j(m) = m**2 + 5*m - 21. Let a(f) = -2*f**2 - 62*f + 353. Let y be a(5). Calculate j(y).
-7
Let i(w) be the first derivative of w**6/360 + w**4/24 - 46*w**3/3 + w**2/2 - 42. Let c(m) be the third derivative of i(m). What is c(1)?
2
Let d(m) = -9*m - 90. Let g(o) = 39*o + 1355. Let q be g(-35). What is d(q)?
0
Let t(o) be the third derivative of o**4/24 - 5*o**3/3 - o**2. Suppose 15*w + 1056 = 4*w. Let d = w - -102. Give t(d).
-4
Let j(p) = 2*p - 11. Let v(k) = 4*k - 24. Let l(i) = 13*j(i) - 6*v(i). Suppose 0 = -0*q + 3*q + 5*t + 3, 2*t + 24 = -5*q. Determine l(q).
-11
Let d(c) be the first derivative of c**3/3 + c**2 - 11*c - 926. Determine d(-8).
37
Let m(c) = 0*c**2 + 32 - 89 + 96*c - 50 - 3*c**2 + 30*c. Calculate m(41).
16
Let r = 19 - -51. Let s(y) = 61*y - 134*y + r*y. Let p(u) = u**3 + 4*u**2 + u - 3. Let b be p(-3). Give s(b).
-9
Let h(f) = -1544*f - 1535*f + 3070*f + 1. Determine h(-3).
28
Let i = -1048 + 1055. Let d(j) = -73*j**3 - j - 7*j**2 + 74*j**3 + 7 + 2. Give d(i).
2
Let d(q) = -2 - 7*q - 3 + 4 + 0*q. Let b = 398 - 396. Determine d(b).
-15
Let y(m) = -m**2 + m - 1. Let h(u) = -6*u**2 + 8*u + 2. Let p(a) = -h(a) + 5*y(a). Let c = 266 + -594. Let k = c + 335. Calculate p(k).
21
Suppose -3*s = -5*d + 73, -107 = -12*d - 2*s + 105. Let h(o) be the first derivative of o - d - 1/2*o**2. Determine h(0).
1
Let y(j) = -5*j**3 + 18*j**2 + 3*j + 12. Let s(l) = -l**3 + 3*l**2 + 2*l. Let g(b) = -6*s(b) + y(b). Calculate g(-5).
-68
Let a(g) = 2*g**2 - 10*g + 4. Suppose 257 = -6*r + 251. Let m(t) = -7*t**3 - 2*t**2 - t. Let w be m(r). Give a(w).
16
Let g(y) be the second derivative of -y**4/12 + y**3/3 + 3*y**2 + 14*y. Suppose -2*p = 5*a + 10, 2 = -25*p + 20*p - a. What is g(p)?
6
Suppose -4*i + 26 + 14 = 0. Let m(r) = -515 - 512 - 512 + 1546 + 3*r. Determine m(i).
37
Let j(a) be the second derivative of 1/2*a**3 + 0 + 20*a + 0*a**2. Give j(-2).
-6
Let b(w) be the third derivative of w**6/12 + w**5/60 - w**3/6 - 12263*w**2. Let o(q) = -q**3 + 7*q**2 - 7*q + 5. Let g be o(6). What is b(g)?
-10
Let r(d) = -d**2 - d + 3. Let o be (3/(-6))/(14/(-308)). Let q be o - (-4 + 11) - 1. Give r(q).
-9
Let c(k) = k - 3. Suppose 4*p + 6 = 3*b, -8*b - 4*p = -4*b - 8. Suppose -b*q = -8*q + 12. Suppose -q*i + 19 = 5*d, -2*i + 3 = 2*d - 1. Determine c(d).
2
Suppose -278*n + 264 = -311*n. Let j(q) = 3 - 6 + 0 + 8*q - q**3 - 7*q**2 - 7. Give j(n).
-10
Let t(w) = 1705 - 850 - 864 + 27*w - 7*w. Let u(q) = -8*q + 0 + q + 3. Let b(j) = 6*t(j) + 17*u(j). Give b(3).
0
Suppose 72 = 10*i - i. Let b be (-1 - -1) + 6*(-4)/i. Let l be -21*(((-2)/(-6) - -3) + b). Let s(u) = u + 9. Determine s(l).
2
Let y(r) be the second derivative of r**7/840 + r**6/360 + r**4/12 + 59*r**3/6 - r + 43. Let b(p) be the second derivative of y(p). Give b(0).
2
Let t(s) = -s**3 - 3*s**2 + 6*s - 3. Let l be (-142)/213*(-15)/(-2). Give t(l).
17
Let m(f) = -20